{"id":6278,"date":"2023-01-28T04:20:18","date_gmt":"2023-01-28T04:20:18","guid":{"rendered":"http:\/\/omardj.com.mx\/?page_id=6278"},"modified":"2023-02-01T01:40:52","modified_gmt":"2023-02-01T01:40:52","slug":"biografia","status":"publish","type":"page","link":"https:\/\/omardj.com.mx\/index.php\/biografia\/","title":{"rendered":"Biografia"},"content":{"rendered":"\r\n<div class=\"wp-block-media-text alignwide has-media-on-the-right is-stacked-on-mobile is-image-fill is-style-default\">\r\n<figure class=\"wp-block-media-text__media\" style=\"background-image: url('https:\/\/omardj.com.mx\/wp-content\/uploads\/2023\/01\/MG_2603-scaled.jpg'); background-position: 50% 50%;\"><img decoding=\"async\" class=\"alignnone wp-image-6260 \" src=\"https:\/\/omardj.com.mx\/wp-content\/uploads\/2023\/01\/MG_2603-scaled.jpg\" alt=\"\" width=\"50%\" height=\"50%\" srcset=\"https:\/\/omardj.com.mx\/wp-content\/uploads\/2023\/01\/MG_2603-scaled.jpg 1707w, https:\/\/omardj.com.mx\/wp-content\/uploads\/2023\/01\/MG_2603-200x300.jpg 200w, https:\/\/omardj.com.mx\/wp-content\/uploads\/2023\/01\/MG_2603-683x1024.jpg 683w, https:\/\/omardj.com.mx\/wp-content\/uploads\/2023\/01\/MG_2603-768x1152.jpg 768w, https:\/\/omardj.com.mx\/wp-content\/uploads\/2023\/01\/MG_2603-1024x1536.jpg 1024w, https:\/\/omardj.com.mx\/wp-content\/uploads\/2023\/01\/MG_2603-1365x2048.jpg 1365w\" sizes=\"(max-width: 1707px) 100vw, 1707px\" \/><\/figure>\r\n<div class=\"wp-block-media-text__content\" align=\"justify\">\r\n<h1 class=\"wp-block-heading\"><span style=\"font-weight: 400;\">Omar R. Tezcucano G.\u00a0<\/span><\/h1>\r\n<p>\u00a0 <span style=\"font-weight: 400; color: #ffffff;\">Originario de Puebla, M\u00e9xico. Incursiona en la m\u00fasica en el a\u00f1o de 1984, dirigiendo su inter\u00e9s en los instrumentos electr\u00f3nicos como teclados, sintetizadores y secuenciadores. <\/span><\/p>\r\n<p><span style=\"font-weight: 400; color: #ffffff;\">Unos a\u00f1os despu\u00e9s comienza a desarrollarse como dj en los a\u00f1os 90\u00b4s en restaurantes, bares y discotecas en varios estados de la rep\u00fablica mexicana, estados unidos y Latinoam\u00e9rica.<br \/>Actualmente se dedica a la producci\u00f3n musical y propietario de eBola-music sello musical dedicado a la m\u00fasica electr\u00f3nica.\u00a0<\/span><\/p>\r\n<p><span style=\"font-weight: 400; color: #ffffff;\">Dentro de su trayectoria a alcanzado importantes patrocinadores y marcas de prestigio como dj corporativo tales como: Mitsubishi Motors de M\u00e9xico, VW, Ford, BMW, British American Tobacco (Lucky Strike &amp; Camel) y Numark.\u00a0<\/span><\/p>\r\n<p><\/p>\r\n<\/div>\r\n<\/div>","protected":false},"excerpt":{"rendered":"<p>Omar R. Tezcucano G.\u00a0 \u00a0 Originario de Puebla, M\u00e9xico. Incursiona en la m\u00fasica en el a\u00f1o de 1984, dirigiendo su inter\u00e9s en los instrumentos electr\u00f3nicos como teclados, sintetizadores y secuenciadores.<\/p>\n<p class=\"more-link\"><a href=\"https:\/\/omardj.com.mx\/index.php\/biografia\/\" class=\"readmore\">Seguir leyendo<svg class=\"icon icon-arrow-right\" aria-hidden=\"true\" role=\"img\"> <use href=\"#icon-arrow-right\" xlink:href=\"#icon-arrow-right\"><\/use> <\/svg><span class=\"screen-reader-text\">Biografia<\/span><\/a><\/p>\n","protected":false},"author":1,"featured_media":6260,"parent":0,"menu_order":0,"comment_status":"closed","ping_status":"closed","template":"","meta":{"_monsterinsights_skip_tracking":false,"_monsterinsights_sitenote_active":false,"_monsterinsights_sitenote_note":"","_monsterinsights_sitenote_category":0,"footnotes":""},"class_list":["post-6278","page","type-page","status-publish","has-post-thumbnail","hentry"],"aioseo_notices":[],"_links":{"self":[{"href":"https:\/\/omardj.com.mx\/index.php\/wp-json\/wp\/v2\/pages\/6278","targetHints":{"allow":["GET"]}}],"collection":[{"href":"https:\/\/omardj.com.mx\/index.php\/wp-json\/wp\/v2\/pages"}],"about":[{"href":"https:\/\/omardj.com.mx\/index.php\/wp-json\/wp\/v2\/types\/page"}],"author":[{"embeddable":true,"href":"https:\/\/omardj.com.mx\/index.php\/wp-json\/wp\/v2\/users\/1"}],"replies":[{"embeddable":true,"href":"https:\/\/omardj.com.mx\/index.php\/wp-json\/wp\/v2\/comments?post=6278"}],"version-history":[{"count":10,"href":"https:\/\/omardj.com.mx\/index.php\/wp-json\/wp\/v2\/pages\/6278\/revisions"}],"predecessor-version":[{"id":6310,"href":"https:\/\/omardj.com.mx\/index.php\/wp-json\/wp\/v2\/pages\/6278\/revisions\/6310"}],"wp:featuredmedia":[{"embeddable":true,"href":"https:\/\/omardj.com.mx\/index.php\/wp-json\/wp\/v2\/media\/6260"}],"wp:attachment":[{"href":"https:\/\/omardj.com.mx\/index.php\/wp-json\/wp\/v2\/media?parent=6278"}],"curies":[{"name":"wp","href":"https:\/\/api.w.org\/{rel}","templated":true}]}}